is divided by j?
32
Suppose -2*d - 4 = -j, 3*j - 5*d - 9 = 3. Suppose 18 = 3*z - a, 3*z - j*a - 5 = 4. What is the remainder when z is divided by 5?
2
Let a(r) = -2*r. Suppose 6*h = 8*h + 12. Let d be a(h). Suppose v - d = -0*v. Calculate the remainder when 32 is divided by v.
8
Let o(p) be the third derivative of p**6/120 - p**5/6 - 7*p**4/24 - p**3/6 + 58*p**2. Calculate the remainder when o(11) is divided by 9.
7
Suppose i - 242 = -16*m + 21*m, -10*i - 5*m = -2310. Calculate the remainder when 953 is divided by i.
25
Let u(o) = -566*o**3 + 7*o**2 + 16*o + 11. Calculate the remainder when u(-2) is divided by 239.
233
Let a(i) = -2*i**2 + 172*i + 177. What is the remainder when 278 is divided by a(87)?
2
Let k(t) = -30*t**3 - 3*t**2 + 4*t + 6. What is the remainder when k(-3) is divided by 387?
3
Let m(k) = -23*k - 76. Suppose 24 = -5*u + 2*r - 3*r, 0 = -5*r + 5. Calculate the remainder when m(u) is divided by 8.
7
Suppose -4*l - 5 + 49 = -4*p, 0 = -p - 2*l - 17. Let z(d) = -17863*d + 7*d**2 + 17876*d + 10 + d**3 + 7*d**2. Calculate the remainder when z(p) is divided by 6.
4
Suppose 11 = 4*g + x + 55, -3*g = -3*x + 48. Let z = g - -28. What is the remainder when 9/3 - 5 - -48 is divided by z?
14
Suppose -2*z + 11 + 5 = 5*v, z = -4*v + 14. Suppose -3*d = -5*u + 30 + 101, -v*d - 133 = -5*u. What is the remainder when 96 is divided by u?
21
Suppose 6*j - 77 = -59. Suppose j*i - 300 = -21. Let z = -75 + i. What is the remainder when z is divided by 10?
8
Suppose 0 = -j - 4*p + 28, 0*p + 4*p = 0. Let t = -49 + 150. Calculate the remainder when t is divided by j.
17
Let m(a) be the first derivative of -9*a**2/2 - 4*a + 1. What is the remainder when m(-3) is divided by (13 + (-154)/12)/(2/168)?
9
Suppose s = 5*d + 87, -25*d + 22*d = -s + 103. Calculate the remainder when s is divided by 106.
21
Let d(i) = 3*i**2 + 44*i - 39*i + 303 - i**3 - 292 + 2*i**2. Let y = -1 - -7. Calculate the remainder when 7 is divided by d(y).
2
Suppose 6*u = -594 + 162. Let m be 2 - (0 - -2 - 6). Calculate the remainder when 81 is divided by ((-7)/4)/(m/u).
18
Suppose 3*a = 160 + 35. Let n(w) = -5*w**2 + 12*w + 28. Let j(f) = -f**2 - f. Let s(t) = 6*j(t) - n(t). Calculate the remainder when a is divided by s(-15).
14
Suppose 7*a - 6*a = -3*q + 22, -3*a + 54 = 5*q. Suppose -7*i - 102 = -a*i. Suppose 242 = 7*f - i. Calculate the remainder when f is divided by 10.
7
Let d = 161 - -57. Let z = d + -104. Calculate the remainder when z is divided by 13.
10
Suppose 956 = 3*y - 13*x + 9*x, 5*y = 4*x + 1604. Let a = y + -321. What is the remainder when 23 is divided by a?
2
Let a be 13/(-2 + (-18)/(-8)). Suppose a = -2*b - 2. What is the remainder when 37 is divided by (-2 - -1)/(b/13 - -2)?
11
Suppose -73664 = -875*b - 15039. Suppose 2*o + 12 + 2 = 2*r, 0 = 5*r - o - 15. Suppose 50 = 7*q - r*q. What is the remainder when b is divided by q?
7
Suppose 2*r - 6 = 0, r + 168 = 3*a - r. Let m(i) = i**2 - 7*i + 8. Let p be m(6). Suppose 0 = p*k - k - 12. What is the remainder when a is divided by k?
10
Suppose -4*f = -5*f + 2*t - 8, 4*f + 4*t = -20. Let w be ((-4)/f + 119/(-102))*652. Let q = -221 - w. Calculate the remainder when q is divided by 36.
33
Suppose -40*c + 12491 - 53851 = 0. Let g = -1 - -16. Calculate the remainder when (-43334)/c + 1/11 is divided by g.
12
Let g be 75/35 - 6/42. Suppose 0 = -p - 2*a + 189, 2*a = p + g*p - 575. What is the remainder when p is divided by 20?
11
Let k(f) = f**3 + 4*f**2 + 2*f + 4. Let j be k(-3). Suppose 0 = y - 4*w - 14 - j, 2*w = -2. Let x = -21 - -26. What is the remainder when y is divided by x?
2
Let h(l) = -l**3 + 16*l**2 - 45*l + 9. Let n be h(4). Suppose n*q - 4*q - 136 = 0. What is the remainder when 8 is divided by q?
0
Let b(w) = 4*w**3 + w**2 - 14*w + 20. What is the remainder when 135 is divided by b(2)?
23
Let h = -1091 - -1121. Calculate the remainder when 2560 is divided by h.
10
Let b be (21/7)/(18/66). Suppose 656 = b*u + 238. Calculate the remainder when u is divided by 10.
8
Let c = -25075 + 27206. What is the remainder when c is divided by 61?
57
Suppose 6*f + 12*f = -8*f + 1300. Calculate the remainder when 640 is divided by f.
40
Suppose y = 49*i - 44*i + 6511, -19589 = -3*y + i. Calculate the remainder when y is divided by 33.
30
Suppose -4*b - 327 = -2*t + 117, 4*b = 8*t - 1752. What is the remainder when 424 is divided by t?
206
Let h(r) = 4*r + 65. Let z be h(-20). Suppose -4*x = -3*x + 144. What is the remainder when 32 is divided by 24/(-40) + x/z?
5
Let y = 29 - 10. Let i = -3109 - -3260. What is the remainder when i is divided by y?
18
Let g(p) = p**3 - p**2 - 2*p. Suppose -q = -6*b + 7*b - 14, -4*b + 2*q + 32 = 0. Suppose -b*m + 1013 + 517 = 0. What is the remainder when m is divided by g(3)?
9
Let f = 3954 + -3943. Calculate the remainder when 9149 is divided by f.
8
Let i(d) = 129*d + 1475. What is the remainder when 6280 is divided by i(-11)?
8
Let k(v) = 540*v + 96. Calculate the remainder when k(1) is divided by 10.
6
Calculate the remainder when 59 is divided by ((-210)/630)/(1 - (2 - 106/108)).
5
Suppose 68*v = 80*v - 7944. Suppose 0 = 15*w - v - 193. What is the remainder when w is divided by 21?
15
Let o(r) = 2*r**3 + 11*r**2 - 9*r - 20. Calculate the remainder when 1296 is divided by o(-5).
46
Let n = 16704 - 16419. What is the remainder when 1050 is divided by n?
195
Suppose -33*c + 24*c + 4941 = 0. What is the remainder when c is divided by 542?
7
Let b = 9345 - 2612. What is the remainder when b is divided by 16?
13
Let d(j) = -3*j**3 - 5*j**2 + 5*j + 37. Calculate the remainder when d(-4) is divided by 44.
41
Suppose x + 510 = -2*x. Let r = x - -245. Suppose -23120 = -965*w + 387*w. Calculate the remainder when r is divided by w.
35
Suppose -9 = 2*a + k, 6*a - a - 5*k - 15 = 0. What is the remainder when (-22 + 28)/(a/(-45)) is divided by 28?
23
Let b = 62 + -43. Let a(j) = -j + 22. Let z be a(5). Suppose -10*q - 245 = -z*q. Calculate the remainder when q is divided by b.
16
Suppose -2*p - 2*u + 368 = -276, 0 = -2*p + 5*u + 616. What is the remainder when 955 is divided by p?
1
Let a = -1274 - -1299. Calculate the remainder when 84 is divided by a.
9
Let t = 625 + -217. Calculate the remainder when t is divided by 63.
30
Suppose 31 = 2*z - 31. Let m = 274 + -190. Suppose 3*h - 20 = -o, -6*o + 11*o - m = h. Calculate the remainder when z is divided by o.
14
Suppose -3*t + 30 = -0*t. What is the remainder when (-1419)/(-86)*312/132 is divided by t?
9
Let h(t) = 20*t**3 - 6*t**2 - 2*t - 6. What is the remainder when 383 is divided by h(2)?
5
Suppose 4*l = -3*o + o - 1002, -4*l - 996 = -4*o. Let t = -198 - l. Calculate the remainder when t is divided by 8.
4
Let x be (-7 - -5)/(3/(-9)). Suppose 1300 = 5*u - 4*t - 137, -x = 2*t. What is the remainder when u is divided by 11?
10
Suppose 0 = 2*p - 36 - 26. Let i be ((-4)/6 - 0)/((-126)/(-3213)). Let g = p + i. Calculate the remainder when g is divided by 4.
2
Let k(g) be the first derivative of -4*g**2 + 2*g + 3*g**2 - 16 - 10*g. What is the remainder when 47 is divided by k(-12)?
15
Let q(y) = 11*y**2 + 15*y + 38. Let z be q(-4). Suppose -33*d + 11*d + z = 0. What is the remainder when 7 is divided by d?
0
Let n = -1415 - -1423. Let s(y) = -5 - 2*y**3 + 9*y + 0*y**3 - 6*y**2 - 12*y. Calculate the remainder when s(-4) is divided by n.
7
Let s(r) = -r**3 + 22*r**2 - 93*r - 21. What is the remainder when 1751 is divided by s(16)?
23
Let g be (378/63)/((-6)/4). What is the remainder when g/(-2) + 30 + 2/(-1) is divided by 17?
13
Suppose 298*t - 178753 - 4219 = 0. What is the remainder when t is divided by 22?
20
Let w be 202/6 + (-28)/(-21). Suppose -372*s = -377*s + w. Calculate the remainder when 29 is divided by s.
1
Suppose 0 = 2*u - 3 + 1. Suppose -43 = -3*d - u. Suppose p + 6 = 5*z - 38, -2*p = z - 11. Calculate the remainder when d is divided by z.
5
Let b(g) = -30*g**3 + 2*g**2 - 3*g - 13. What is the remainder when 464 is divided by b(-2)?
223
Suppose -4*h + 0*u - 2*u + 1488 = 0, -736 = -2*h + u. Calculate the remainder when h/8 - (-18)/24 is divided by 33.
14
Let n(b) = 2*b**3 - 8*b + 5. Suppose -10*k + 34*k - 72 = 0. Calculate the remainder when n(k) is divided by 13.
9
Suppose 0 = -5*x - 4*m + 84, -345*x - 92 = -349*x + 3*m. What is the r